10 is divided by 8.
6
Let r = -18 + 29. Calculate the remainder when r is divided by 3.
2
Let w(y) = 5*y**3 + y**2 + y - 1. Let x be (3/(-3))/(2/(-2)). Let q(i) = -3*i - 5. Calculate the remainder when w(x) is divided by q(-3).
2
Let r(n) = -n**2 - 15*n - 14. Calculate the remainder when 143 is divided by r(-10).
35
Suppose -12 = -4*b + 64. Let r = 33 - b. Calculate the remainder when 206/8 - 3/(-12) is divided by r.
12
Let x(v) = v**2 + v + 72. Let f be x(0). Suppose 1104 = 4*i + f. What is the remainder when i/(-4)*(-10)/15 is divided by 11?
10
Let m = -55 + 117. Calculate the remainder when m is divided by 21.
20
Suppose -o = 2*o - 48. Suppose -2*t - 18 = -4*x, -o = x - 4*x - t. Calculate the remainder when 14 is divided by x.
4
Let k be (-2 + 5 - 4) + -2. Let m = 8 + k. What is the remainder when m is divided by 3?
2
Let f(b) = 31*b - 2. Calculate the remainder when f(4) is divided by 25.
22
Let w(y) = -y**3 - 5*y**2 + 4*y - 4. Let r = -12 - -6. What is the remainder when 31 is divided by w(r)?
7
Suppose 0 = 2*t + t - 15. What is the remainder when (-4)/t*(-1230)/12 is divided by 28?
26
Suppose 3 = 4*r - 25. Let l = r + -5. Let v(c) = c**3 + 2*c**2 - c - 2. What is the remainder when 35 is divided by v(l)?
11
Suppose 40*n - 8 = 36*n. Calculate the remainder when 7 is divided by n.
1
Suppose -3*n + 17 - 5 = 0. Suppose -2*j - 39 = -n*g + g, 0 = 4*g + j - 63. Let f(d) = 26*d + 2. Calculate the remainder when f(1) is divided by g.
13
Let g(k) = k**2 - 11*k + 4. Let d(x) = x - 1. Let j(h) = 2*d(h) - g(h). Let y = 35 - 19. What is the remainder when j(9) is divided by y?
14
Suppose 4*g + 49 = 4*j - g, j - 2*g = 16. Suppose 73 = 4*c + q, -27 + 64 = c + 4*q. What is the remainder when c is divided by j?
5
Suppose -3*i - 4*y - 102 = -15, -5*y + 60 = -3*i. Let u = 29 + i. What is the remainder when (4 - -1)*(3 - 1) is divided by u?
2
Suppose -4*v - 2*h + 128 = 0, v = 4*v + h - 97. Suppose -3*q + v = -36. What is the remainder when 89 is divided by q?
20
Suppose 2*i - 4*c = -2*i + 8, -4*i - 5*c = -26. Let s(k) = k**3 - 10*k + 1. What is the remainder when 73 is divided by s(i)?
23
Suppose 0 = 3*a - a + 2, 3*y = -3*a + 48. What is the remainder when 84 is divided by y?
16
Suppose -4 = -2*p + 10. Let z = 29 - 20. Suppose -26 = z*s - 11*s. Calculate the remainder when s is divided by p.
6
Let t(g) = 2*g + 3. What is the remainder when 29 is divided by t(1)?
4
Suppose -2*g + g + 3 = 0. Suppose 2*s + g = 3*s. Suppose -7 - 23 = -s*f. Calculate the remainder when 19 is divided by f.
9
Let r(k) = 2*k. Let o be r(1). Suppose -o*p - 5*w = -72, 3*w = 3*p + 7*w - 94. What is the remainder when p is divided by 14?
12
Suppose -68*m + 67*m = -5. What is the remainder when 17 is divided by m?
2
What is the remainder when (0 - 6/9)/(22/(-957)) is divided by 15?
14
Calculate the remainder when (0 - -2) + (-1620)/(-27) is divided by 13.
10
Let x = -2 + 4. Let o = 3 + x. Suppose 0 = c, -26 = 2*f - 4*f + o*c. What is the remainder when f is divided by 5?
3
Let a = -4 + 2. Let v = 16 + a. Calculate the remainder when (-187)/(-7) - 4/(-14) is divided by v.
13
Let v = 13 - 5. What is the remainder when 21 is divided by v?
5
Let q(u) = 5*u**3 + 4*u**2 - 2*u - 4. Let t(i) = -11*i**3 - 9*i**2 + 4*i + 9. Let b(x) = 9*q(x) + 4*t(x). Calculate the remainder when 81 is divided by b(3).
18
Let q(k) = k**2 + 3*k - 2. What is the remainder when q(-6) is divided by 10?
6
Calculate the remainder when 172*1/6*3 is divided by 22.
20
Let q(x) = 2*x**3 - 19*x**2 + 18*x + 5. Let h(b) = -3*b**3 + 29*b**2 - 27*b - 8. Let w(u) = 5*h(u) + 8*q(u). Calculate the remainder when w(6) is divided by 10.
8
Let u(h) = 3*h**2 - 2*h - 2. What is the remainder when u(5) is divided by 33?
30
Let k = 148 - 141. What is the remainder when 12 is divided by k?
5
Let i(j) = j**2 - 5*j - 4. Let x be i(6). Suppose x*n + 10 = q - 32, 2*n + 114 = 3*q. What is the remainder when q is divided by 19?
17
Suppose -5*r + 163 = -3*f, -5*f + 74 = 5*r - 121. Let p = 10 - r. What is the remainder when (-68)/5*p/10 is divided by 9?
7
Let m = 5 + 6. Calculate the remainder when ((-2)/5)/((-6)/480) is divided by m.
10
Let s(f) be the third derivative of -f**6/120 - 2*f**5/15 + 7*f**4/24 - 13*f**3/6 - 2*f**2. What is the remainder when 8 is divided by s(-9)?
3
Suppose 0 = 3*d + w - 60, -3*d + d + 40 = -2*w. Calculate the remainder when 58 is divided by d.
18
Let a(z) = -2*z + 6. Calculate the remainder when 34 is divided by a(-7).
14
Let q = -13 + 30. Calculate the remainder when q is divided by (-68)/(-7) + (-10)/(-35).
7
What is the remainder when 41 is divided by (-1)/(2 + 0 - 1)*-11?
8
Suppose r = -4*t - 11, -r + 0*t = 5*t + 13. Let m = 11 + r. Calculate the remainder when 22 is divided by m.
6
Let i(t) = t**2 - t - 4. Let m be (-4)/(-6) + (-28)/(-12). Let p be i(m). Let x = p + 4. Calculate the remainder when 10 is divided by x.
4
What is the remainder when -2 - (3 + 42/(-8))*20 is divided by 11/(-2)*(1 - 3)?
10
Let f(u) = u**2 - 11*u + 11. Let h(s) = 2*s**2 + 6*s + 3. Let j be h(-4). Calculate the remainder when 31 is divided by f(j).
9
Let t be 1/(-1)*3 - -24. Suppose 3*g - t = -4*h, 4*g + 47 = 3*h - 0*g. What is the remainder when 15 is divided by h?
6
Suppose g - 3*g - 20 = 0. Calculate the remainder when 11 is divided by (3/(-5))/(2/g).
2
Suppose -60 = -5*t - 0*t. What is the remainder when 47 is divided by t?
11
Let z = 23 + -17. What is the remainder when (z/9)/((-1)/(-87)) is divided by 15?
13
Let f(c) = -12*c**3 - 3*c - 3. Calculate the remainder when f(-2) is divided by 25.
24
Let o = 8 - 1. What is the remainder when o is divided by 4?
3
Suppose 8*t = -t + 126. What is the remainder when 55 is divided by t?
13
Suppose -i + 2*i = 0. Suppose 2*a - 3*a + 46 = i. Suppose 5*v + 37 = w + v, -3*w = v - a. Calculate the remainder when w is divided by 9.
8
Suppose 0 = -5*h - 4*d - 135, 3*h + 6*d - d = -81. Suppose 4*p = 7*p + 36. Let k = p - h. Calculate the remainder when 57 is divided by k.
12
Let t = -8 + 8. Suppose t*i + 31 = -2*z - 5*i, 0 = -3*i - 9. Let p = z + 16. Calculate the remainder when 14 is divided by p.
6
What is the remainder when 10 is divided by 54/8 - (-9)/(-12)?
4
Suppose -5*d + 252 = -d. What is the remainder when d is divided by 32?
31
Let x = 57 - 31. Calculate the remainder when x is divided by 7.
5
Suppose -7 = 2*t - 21. Suppose 3 = 5*h - t. What is the remainder when h is divided by 2?
0
Let m = 16 + -15. What is the remainder when 4 is divided by m?
0
Let d(g) = g**3 - g**2 - g + 1. Let i be (-2)/(-1) + 0/(-6). Suppose 141 = i*l + l. Calculate the remainder when l is divided by d(3).
15
Suppose -24 = -0*h - 2*h. Calculate the remainder when 47 is divided by h.
11
Let g = -2 + 32. Calculate the remainder when 58 is divided by g.
28
Let f be (-16)/(-9) - (-10)/45. Let z = 7 - f. What is the remainder when z is divided by 2?
1
Suppose -5*h + 2*h + 21 = 0. What is the remainder when h is divided by 3?
1
Let n = 155 + -134. Let d = 13 + -2. What is the remainder when n is divided by d?
10
What is the remainder when (-87)/(-1 + (1 - 1)) is divided by 22?
21
Suppose 15*p - 177 = 12*p. Calculate the remainder when p is divided by 16.
11
Let q(f) = -f**3 + 4*f**2 + 23*f - 26. Let n(m) be the third derivative of 7*m**5/30 + m**2. Calculate the remainder when q(6) is divided by n(-1).
12
Suppose 4*h - h = 54. Suppose 4*n + i - 208 = 0, -3*n = n + 2*i - 204. What is the remainder when n is divided by h?
17
Let n(i) = -3*i - 4. Suppose 2*o + 32 = -2*o. Let x be n(o). Suppose 58 + x = 2*s. Calculate the remainder when s is divided by 21.
18
Let q be ((-3 - -2) + 1)/(-2). Suppose -2*g = -218 + 40. Suppose -5*o + 46 + g = q. What is the remainder when o is divided by 10?
7
Let u(n) = -2*n**3 + 3*n**2 + 3*n + 3. Let d = -8 + 11. Suppose -5*f = -d*z + 2*z - 40, z - 32 = -3*f. What is the remainder when u(-2) is divided by f?
7
Suppose 4*v = -20, -4*v + 334 = 4*a - 130. Let r = -68 + a. What is the remainder when r is divided by 142/8 - 4/(-16)?
17
Suppose h = k - 13, 2*k = -0*h - h + 23. What is the remainder when 45 is divided by k?
9
Suppose -3*v + 2*b + 17 = 0, -11 = -4*v - 4*b - 15. Calculate the remainder when (0 - 18)/(-2) + 0 is divided by v.
0
Let w = 8 - 4. Suppose f = -w*f + 65. Suppose 49 = 5*o -